{"id":47787,"date":"2017-11-16T15:23:04","date_gmt":"2017-11-16T21:23:04","guid":{"rendered":"https:\/\/www.mastemporadaalta.com\/?page_id=47787"},"modified":"2017-11-16T15:48:33","modified_gmt":"2017-11-16T21:48:33","slug":"ceo-gloria-mousalli","status":"publish","type":"page","link":"https:\/\/www.mastemporadaalta.com\/en\/ceo-gloria-mousalli\/","title":{"rendered":"CEO. Gloria Mousalli"},"content":{"rendered":"<p>[et_pb_section fb_built=&#8221;1&#8243; _builder_version=&#8221;3.0.76&#8243;][et_pb_row _builder_version=&#8221;3.0.76&#8243; animation_style=&#8221;fade&#8221;][et_pb_column type=&#8221;4_4&#8243; _builder_version=&#8221;3.0.47&#8243; parallax=&#8221;off&#8221; parallax_method=&#8221;on&#8221;][et_pb_team_member name=&#8221;Dra. Gloria Mousalli&#8221; position=&#8221;CEO&#8221; image_url=&#8221;https:\/\/www.mastemporadaalta.com\/wp-content\/uploads\/2017\/09\/g.jpg&#8221; facebook_url=&#8221;#&#8221; twitter_url=&#8221;#&#8221; google_url=&#8221;#&#8221; linkedin_url=&#8221;#&#8221; icon_color=&#8221;#ffffff&#8221; admin_label=&#8221;person-ceo&#8221; _builder_version=&#8221;3.0.76&#8243; header_font=&#8221;|on|||&#8221; header_text_align=&#8221;left&#8221; header_font_size=&#8221;31px&#8221; header_text_color=&#8221;#4d8585&#8243; header_line_height=&#8221;1.6em&#8221; body_font_size=&#8221;15px&#8221; background_color=&#8221;#ffffff&#8221; custom_padding=&#8221;|||&#8221; animation_style=&#8221;zoom&#8221; animation_delay=&#8221;100ms&#8221; animation_intensity_zoom=&#8221;1%&#8221;]<\/p>\n<p>Passion for technology and education, have driven me to be part of the academy and promote digital ventures, all aimed at strengthening my leadership and management skills. With 17 years as a university lecturer in the area of technology, I managed to implement, together with my closest pupil, <strong>a model for the development of digital strategies exclusively designed for the tourism sector<\/strong>, consolidated in what we have called M\u00e1sTemporadaAlta, where I bring all my knowledge in the area of:<\/p>\n<p>artificial intelligence,<\/p>\n<p>statistical analysis<\/p>\n<p>and management,<\/p>\n<p>hard skills as they are called in the professional sector, which are smoothed with the empathic and communication capacity that complement the perfect profile to lead this digital venture, making that each tourism company, regardless of size, have a digital strategy fully cohesive with their own business model and financial goals<\/p>\n<p>[\/et_pb_team_member][\/et_pb_column][\/et_pb_row][et_pb_row _builder_version=&#8221;3.0.76&#8243;][et_pb_column type=&#8221;4_4&#8243; _builder_version=&#8221;3.0.47&#8243; parallax=&#8221;off&#8221; parallax_method=&#8221;on&#8221;][\/et_pb_column][\/et_pb_row][\/et_pb_section]<\/p>\n<span class=\"et_bloom_bottom_trigger\"><\/span>","protected":false},"excerpt":{"rendered":"<p>Passion for technology and education, have driven me to be part of the academy and promote digital ventures, all aimed at strengthening my leadership and management skills. With 17 years as a university lecturer in the area of technology, I managed to implement, together with my closest pupil, a model for the development of digital [&hellip;]<\/p>\n","protected":false},"author":1,"featured_media":0,"parent":0,"menu_order":0,"comment_status":"closed","ping_status":"closed","template":"","meta":{"_et_pb_use_builder":"on","_et_pb_old_content":"<p>Desde muy joven le apasion\u00f3 la docencia y la tecnolog\u00eda, se inclin\u00f3 en sus estudios de pregrado por esta \u00faltima, obteniendo su t\u00edtulo de Ingeniera de Sistemas, sin embargo, logr\u00f3 fusionar estas dos \u00e1reas de conocimiento al hacerse docente universitaria. Dentro de la Universidad de Los Andes en M\u00e9rida Venezuela, logr\u00f3 desarrollar m\u00faltiples ideas en materia de tecnolog\u00eda y educaci\u00f3n, liderando proyectos de tecnolog\u00eda educativa, acortando las entre el conocimiento y que desea aprender. Fortaleciendo sus potencialidades obtuvo su Doctorado en Gerencia Avanzada implementando mecanismos para la gesti\u00f3n de las organizaciones de los tiempos actuales, orientando ahora, sus competencias gerenciales a favor de los emprendimientos digitales, sin descuidar el campo educativo. Muchos fueron los proyectos consolidados dentro de la Universidad de Los Andes, la creaci\u00f3n de una plataforma de aprendizaje abierto y en l\u00ednea ulaX, liderando el equipo de la Maestr\u00eda en Educaci\u00f3n menci\u00f3n Inform\u00e1tica y Dise\u00f1o Instruccional, donde logr\u00f3 consolidar el perfil profesional de los egresados con una visi\u00f3n complementaria de la educaci\u00f3n mediada por la tecnolog\u00eda. Su permanente af\u00e1n de innovaci\u00f3n le permiti\u00f3 junto con su m\u00e1s cercana pupila generar sistemas de formaci\u00f3n en materia del dise\u00f1o Web centrado totalmente en el usuario, partiendo de los principios de la psicolog\u00eda del aprendizaje y del uso de la tecnolog\u00eda, de esta manera logra consolidar estructuras y dise\u00f1os que favorecen la experiencia del usuario dentro de cada Web dise\u00f1ada.<\/p>","_et_gb_content_width":""},"yoast_head":"<!-- This site is optimized with the Yoast SEO plugin v19.0 - https:\/\/yoast.com\/wordpress\/plugins\/seo\/ -->\n<title>CEO. Gloria Mousalli - mastemporadaalta.com<\/title>\n<meta name=\"robots\" content=\"index, follow, max-snippet:-1, max-image-preview:large, max-video-preview:-1\" \/>\n<link rel=\"canonical\" href=\"https:\/\/www.mastemporadaalta.com\/en\/ceo-gloria-mousalli\/\" \/>\n<meta property=\"og:locale\" content=\"en_US\" \/>\n<meta property=\"og:type\" content=\"article\" \/>\n<meta property=\"og:title\" content=\"CEO. Gloria Mousalli - mastemporadaalta.com\" \/>\n<meta property=\"og:description\" content=\"Passion for technology and education, have driven me to be part of the academy and promote digital ventures, all aimed at strengthening my leadership and management skills. With 17 years as a university lecturer in the area of technology, I managed to implement, together with my closest pupil, a model for the development of digital [&hellip;]\" \/>\n<meta property=\"og:url\" content=\"https:\/\/www.mastemporadaalta.com\/en\/ceo-gloria-mousalli\/\" \/>\n<meta property=\"og:site_name\" content=\"mastemporadaalta.com\" \/>\n<meta property=\"article:modified_time\" content=\"2017-11-16T21:48:33+00:00\" \/>\n<meta name=\"twitter:card\" content=\"summary_large_image\" \/>\n<meta name=\"twitter:label1\" content=\"Est. reading time\" \/>\n\t<meta name=\"twitter:data1\" content=\"1 minute\" \/>\n<script type=\"application\/ld+json\" class=\"yoast-schema-graph\">{\"@context\":\"https:\/\/schema.org\",\"@graph\":[{\"@type\":\"WebSite\",\"@id\":\"https:\/\/www.mastemporadaalta.com\/#website\",\"url\":\"https:\/\/www.mastemporadaalta.com\/\",\"name\":\"mastemporadaalta.com\",\"description\":\"Marketing Digital para Empresas de Turismo\",\"potentialAction\":[{\"@type\":\"SearchAction\",\"target\":{\"@type\":\"EntryPoint\",\"urlTemplate\":\"https:\/\/www.mastemporadaalta.com\/?s={search_term_string}\"},\"query-input\":\"required name=search_term_string\"}],\"inLanguage\":\"en-US\"},{\"@type\":\"WebPage\",\"@id\":\"https:\/\/www.mastemporadaalta.com\/en\/ceo-gloria-mousalli\/#webpage\",\"url\":\"https:\/\/www.mastemporadaalta.com\/en\/ceo-gloria-mousalli\/\",\"name\":\"CEO. Gloria Mousalli - mastemporadaalta.com\",\"isPartOf\":{\"@id\":\"https:\/\/www.mastemporadaalta.com\/#website\"},\"datePublished\":\"2017-11-16T21:23:04+00:00\",\"dateModified\":\"2017-11-16T21:48:33+00:00\",\"breadcrumb\":{\"@id\":\"https:\/\/www.mastemporadaalta.com\/en\/ceo-gloria-mousalli\/#breadcrumb\"},\"inLanguage\":\"en-US\",\"potentialAction\":[{\"@type\":\"ReadAction\",\"target\":[\"https:\/\/www.mastemporadaalta.com\/en\/ceo-gloria-mousalli\/\"]}]},{\"@type\":\"BreadcrumbList\",\"@id\":\"https:\/\/www.mastemporadaalta.com\/en\/ceo-gloria-mousalli\/#breadcrumb\",\"itemListElement\":[{\"@type\":\"ListItem\",\"position\":1,\"name\":\"Home\",\"item\":\"https:\/\/www.mastemporadaalta.com\/\"},{\"@type\":\"ListItem\",\"position\":2,\"name\":\"CEO. Gloria Mousalli\"}]}]}<\/script>\n<!-- \/ Yoast SEO plugin. -->","yoast_head_json":{"title":"CEO. Gloria Mousalli - mastemporadaalta.com","robots":{"index":"index","follow":"follow","max-snippet":"max-snippet:-1","max-image-preview":"max-image-preview:large","max-video-preview":"max-video-preview:-1"},"canonical":"https:\/\/www.mastemporadaalta.com\/en\/ceo-gloria-mousalli\/","og_locale":"en_US","og_type":"article","og_title":"CEO. Gloria Mousalli - mastemporadaalta.com","og_description":"Passion for technology and education, have driven me to be part of the academy and promote digital ventures, all aimed at strengthening my leadership and management skills. With 17 years as a university lecturer in the area of technology, I managed to implement, together with my closest pupil, a model for the development of digital [&hellip;]","og_url":"https:\/\/www.mastemporadaalta.com\/en\/ceo-gloria-mousalli\/","og_site_name":"mastemporadaalta.com","article_modified_time":"2017-11-16T21:48:33+00:00","twitter_card":"summary_large_image","twitter_misc":{"Est. reading time":"1 minute"},"schema":{"@context":"https:\/\/schema.org","@graph":[{"@type":"WebSite","@id":"https:\/\/www.mastemporadaalta.com\/#website","url":"https:\/\/www.mastemporadaalta.com\/","name":"mastemporadaalta.com","description":"Marketing Digital para Empresas de Turismo","potentialAction":[{"@type":"SearchAction","target":{"@type":"EntryPoint","urlTemplate":"https:\/\/www.mastemporadaalta.com\/?s={search_term_string}"},"query-input":"required name=search_term_string"}],"inLanguage":"en-US"},{"@type":"WebPage","@id":"https:\/\/www.mastemporadaalta.com\/en\/ceo-gloria-mousalli\/#webpage","url":"https:\/\/www.mastemporadaalta.com\/en\/ceo-gloria-mousalli\/","name":"CEO. Gloria Mousalli - mastemporadaalta.com","isPartOf":{"@id":"https:\/\/www.mastemporadaalta.com\/#website"},"datePublished":"2017-11-16T21:23:04+00:00","dateModified":"2017-11-16T21:48:33+00:00","breadcrumb":{"@id":"https:\/\/www.mastemporadaalta.com\/en\/ceo-gloria-mousalli\/#breadcrumb"},"inLanguage":"en-US","potentialAction":[{"@type":"ReadAction","target":["https:\/\/www.mastemporadaalta.com\/en\/ceo-gloria-mousalli\/"]}]},{"@type":"BreadcrumbList","@id":"https:\/\/www.mastemporadaalta.com\/en\/ceo-gloria-mousalli\/#breadcrumb","itemListElement":[{"@type":"ListItem","position":1,"name":"Home","item":"https:\/\/www.mastemporadaalta.com\/"},{"@type":"ListItem","position":2,"name":"CEO. Gloria Mousalli"}]}]}},"_links":{"self":[{"href":"https:\/\/www.mastemporadaalta.com\/en\/wp-json\/wp\/v2\/pages\/47787"}],"collection":[{"href":"https:\/\/www.mastemporadaalta.com\/en\/wp-json\/wp\/v2\/pages"}],"about":[{"href":"https:\/\/www.mastemporadaalta.com\/en\/wp-json\/wp\/v2\/types\/page"}],"author":[{"embeddable":true,"href":"https:\/\/www.mastemporadaalta.com\/en\/wp-json\/wp\/v2\/users\/1"}],"replies":[{"embeddable":true,"href":"https:\/\/www.mastemporadaalta.com\/en\/wp-json\/wp\/v2\/comments?post=47787"}],"version-history":[{"count":2,"href":"https:\/\/www.mastemporadaalta.com\/en\/wp-json\/wp\/v2\/pages\/47787\/revisions"}],"predecessor-version":[{"id":47789,"href":"https:\/\/www.mastemporadaalta.com\/en\/wp-json\/wp\/v2\/pages\/47787\/revisions\/47789"}],"wp:attachment":[{"href":"https:\/\/www.mastemporadaalta.com\/en\/wp-json\/wp\/v2\/media?parent=47787"}],"curies":[{"name":"wp","href":"https:\/\/api.w.org\/{rel}","templated":true}]}}

<p>[et_pb_section fb_built=&#8221;1&#8243; _builder_version=&#8221;3.0.76&#8243;][et_pb_row _builder_version=&#8221;3.0.76&#8243; animation_style=&#8221;fade&#8221;][et_pb_column type=&#8221;4_4&#8243; _builder_version=&#8221;3.0.47&#8243; parallax=&#8221;off&#8221; parallax_method=&#8221;on&#8221;][et_pb_team_member name=&#8221;Dra. Gloria Mousalli&#8221; position=&#8221;CEO&#8221; image_url=&#8221;https://www.mastemporadaalta.com/wp-content/uploads/2017/09/g.jpg&#8221; facebook_url=&#8221;#&#8221; twitter_url=&#8221;#&#8221; google_url=&#8221;#&#8221; linkedin_url=&#8221;#&#8221; icon_color=&#8221;#ffffff&#8221; admin_label=&#8221;person-ceo&#8221; _builder_version=&#8221;3.0.76&#8243; header_font=&#8221;|on|||&#8221; header_text_align=&#8221;left&#8221; header_font_size=&#8221;31px&#8221; header_text_color=&#8221;#4d8585&#8243; header_line_height=&#8221;1.6em&#8221; body_font_size=&#8221;15px&#8221; background_color=&#8221;#ffffff&#8221; custom_padding=&#8221;|||&#8221; animation_style=&#8221;zoom&#8221; animation_delay=&#8221;100ms&#8221; animation_intensity_zoom=&#8221;1%&#8221;]</p>
<p>Passion for technology and education, have driven me to be part of the academy and promote digital ventures, all aimed at strengthening my leadership and management skills. With 17 years as a university lecturer in the area of technology, I managed to implement, together with my closest pupil, <strong>a model for the development of digital strategies exclusively designed for the tourism sector</strong>, consolidated in what we have called MásTemporadaAlta, where I bring all my knowledge in the area of:</p>
<p>artificial intelligence,</p>
<p>statistical analysis</p>
<p>and management,</p>
<p>hard skills as they are called in the professional sector, which are smoothed with the empathic and communication capacity that complement the perfect profile to lead this digital venture, making that each tourism company, regardless of size, have a digital strategy fully cohesive with their own business model and financial goals</p>
<p>[/et_pb_team_member][/et_pb_column][/et_pb_row][et_pb_row _builder_version=&#8221;3.0.76&#8243;][et_pb_column type=&#8221;4_4&#8243; _builder_version=&#8221;3.0.47&#8243; parallax=&#8221;off&#8221; parallax_method=&#8221;on&#8221;][/et_pb_column][/et_pb_row][/et_pb_section]</p>
<span class="et_bloom_bottom_trigger"></span>

<p>Desde muy joven le apasionó la docencia y la tecnología, se inclinó en sus estudios de pregrado por esta última, obteniendo su título de Ingeniera de Sistemas, sin embargo, logró fusionar estas dos áreas de conocimiento al hacerse docente universitaria. Dentro de la Universidad de Los Andes en Mérida Venezuela, logró desarrollar múltiples ideas en materia de tecnología y educación, liderando proyectos de tecnología educativa, acortando las entre el conocimiento y que desea aprender. Fortaleciendo sus potencialidades obtuvo su Doctorado en Gerencia Avanzada implementando mecanismos para la gestión de las organizaciones de los tiempos actuales, orientando ahora, sus competencias gerenciales a favor de los emprendimientos digitales, sin descuidar el campo educativo. Muchos fueron los proyectos consolidados dentro de la Universidad de Los Andes, la creación de una plataforma de aprendizaje abierto y en línea ulaX, liderando el equipo de la Maestría en Educación mención Informática y Diseño Instruccional, donde logró consolidar el perfil profesional de los egresados con una visión complementaria de la educación mediada por la tecnología. Su permanente afán de innovación le permitió junto con su más cercana pupila generar sistemas de formación en materia del diseño Web centrado totalmente en el usuario, partiendo de los principios de la psicología del aprendizaje y del uso de la tecnología, de esta manera logra consolidar estructuras y diseños que favorecen la experiencia del usuario dentro de cada Web diseñada.</p>
